4 = -p, 3*d - a = -4*p + 91. Calculate the highest common factor of d and 13.
13
Suppose -32 = q - 94. Suppose 0 = -5*u + 23 + q. Calculate the highest common factor of u and 119.
17
Let w = 59 - 54. What is the highest common divisor of 1 and w?
1
Let j be (-5 - -2 - -5) + 30. What is the greatest common divisor of 48 and j?
16
Let j be 15/6*-2 - -2. Let p = -1 - j. Let f be 2 + 18 - p - 2. Calculate the highest common divisor of f and 4.
4
Suppose 0 = -i - 0*k - 2*k, i - 2*k - 12 = 0. Let l = 1 - 1. Suppose l = -s + 6. Calculate the greatest common divisor of i and s.
6
Let c(w) = 71*w**2 + 5*w + 5. Let s be c(-2). What is the highest common factor of s and 31?
31
Let m(t) = -64*t - 4 + 3 + 13*t. Let z be m(-3). Suppose 3*n - 7*n = -76. Calculate the highest common divisor of z and n.
19
Let p = -4 - -6. Suppose 0 = -10*w + 11*w - 2. Calculate the highest common factor of w and p.
2
Let p = -8 + 28. What is the greatest common factor of p and 4?
4
Let w(u) = u**3 + 4*u**2 + 4. Let v be w(-4). Let s = 8 - 8. Suppose -2*y + s*y + 72 = 0. Calculate the greatest common divisor of y and v.
4
Let y(a) = a**2 - a + 40. Let u be y(0). Suppose 0 = -5*i + 4*b + 84, -3 = -4*b - 7. What is the greatest common divisor of u and i?
8
Let o be (-5 + 4)/(1/(-117)). Let z = -1 - -2. Let r be ((-2)/(-2))/z + 12. What is the greatest common divisor of o and r?
13
Let h(t) = -t**2 + 5*t + 1. Let d be h(5). Let r = 4 - d. Suppose -3*u = -4*u + 27. What is the greatest common factor of u and r?
3
Suppose -c + l - 6 - 3 = 0, 3*l + 37 = -5*c. Let m be -2*2 - (c - 9). Calculate the greatest common factor of 26 and m.
13
Let j = 1 + 41. Let r(s) = -s - 4. Let h be r(-3). Let f be (h/(-2) - 0)*12. Calculate the highest common factor of j and f.
6
Suppose 0 = 3*t - 5*b - 220, 4*t = -5*b + 27 + 243. Suppose 140 = n - 5*n. Let v = -25 - n. Calculate the highest common factor of v and t.
10
Let q(g) = -g**2 - 4*g + 1. Let a be q(-3). What is the greatest common factor of 2 and a?
2
Suppose 32 = 4*a - 4*j, -3*a + 4*j = -0*a - 28. Calculate the highest common divisor of 32 and a.
4
Let z be 201/((9/6)/1). Suppose -z = -4*g + 230. Calculate the highest common divisor of g and 13.
13
Let q(f) be the second derivative of f**5/20 - f**4/6 - f**3 + 5*f**2/2 + 4*f. Let i be q(5). Calculate the greatest common factor of 10 and i.
10
Let d(l) = -l**2 - 22*l - 12. Let m be 1 + (3 + -25)/2. Let z be d(m). Calculate the highest common divisor of 27 and z.
27
Suppose -5*n - 5*w = -650, 4*w = 3*n + 2*n - 668. Let o = 20 - 1. Let j = o + -7. Calculate the highest common divisor of n and j.
12
Suppose 2*g + 3 = 9. Suppose -w + 5*y + g = 0, -5*w + 4*y = -11 - 4. Calculate the greatest common divisor of w and 33.
3
Suppose -3*r = 3*o, 6*o = 2*o - 5*r - 1. What is the greatest common divisor of 1 and o?
1
Let s(t) = -55*t - 1. Let v be s(1). Let p = -79 - v. Let n = -14 - p. Calculate the greatest common divisor of n and 72.
9
Suppose 5*d = -4*v + 10, 2*d - 4 = -3*v - 2*v. Calculate the highest common factor of 4 and d.
2
Let s = 197 - 117. What is the highest common divisor of 10 and s?
10
Let b be 14/6 + 4/(-12). Calculate the highest common factor of b and 8.
2
Let i(m) = 4*m - 4*m - 6*m - 3. Let s be i(10). Let a be s/6*24/(-14). Calculate the highest common factor of 6 and a.
6
Let t(r) = -21*r**3 - 2*r**2 - 2*r - 1. Let h be t(-1). Suppose 4*d + h = 6*d. Let p be d - -2*(0 + -1). What is the highest common divisor of p and 32?
8
Let x be 3*5/(-6)*2*-16. What is the greatest common divisor of x and 20?
20
Let f = -26 + 75. Let p = f + -9. Calculate the highest common divisor of 8 and p.
8
Let r be 1*(-3969)/(-18) - (-2)/(-4). Suppose 0 = -2*o + o + 20. What is the highest common factor of o and r?
20
Suppose -k - 2 = -0, 0 = s - 5*k - 94. Let t = 26 - 51. Let v = t - -37. What is the greatest common factor of v and s?
12
Suppose 7*y - 3*y = 160. Let d(z) = 6*z + 40. Let c be d(-6). Calculate the greatest common factor of y and c.
4
Let l = -39 + 109. Calculate the highest common divisor of l and 14.
14
Let f(y) = -y**3 - 6*y**2 - y - 5. Let p be f(-6). Let u be -4 + 43 - (-2 + p). What is the greatest common divisor of u and 10?
10
Suppose 292 = 7*m - 247. Calculate the highest common factor of m and 7.
7
Suppose -4 = 3*t - 7. What is the greatest common factor of 8 and t?
1
Let a = -8 - -13. Let t(b) be the third derivative of -b**5/60 + 7*b**4/24 - 2*b**3/3 - b**2. Let s be t(6). What is the highest common factor of a and s?
1
Suppose 19 = -2*m + 7. Let u be (2 + m)/((-2)/22). Let z be 114/10 - (-2)/(-5). Calculate the highest common factor of z and u.
11
Let a(u) = -6*u + 6. Let c be a(-9). Let m = 8 + 108. Suppose 2*o + 101 = 4*r + o, 4*o + m = 4*r. Calculate the greatest common factor of c and r.
12
Suppose 2*a = -0*a + 14. Suppose 16*x = 12*x + 20. Let p(b) = b**2 - 4*b - 4. Let u be p(x). What is the greatest common divisor of a and u?
1
Let r be (-1 + -1)/2*-21. Suppose 2*z = 3 + r. Let c be -3 - (-3)/(-3)*-27. What is the greatest common factor of z and c?
12
Let j be (7 + (-65)/10)*(197 - 1). Suppose -b + 4*b = 147. Let g = -35 + b. What is the greatest common factor of j and g?
14
Suppose 5*z + 0*z - 3*k = 22, 4*z - 24 = 4*k. Let y be 32/5 - z/5. Suppose 3*v = -2*p + y, -v = 2*v + 4*p. Calculate the greatest common factor of 10 and v.
2
Let r(i) = i**2 - 2*i - 5. Let n be r(6). Suppose -3*k = -2*d - 281, k + 2*d + 7 = 106. What is the highest common factor of n and k?
19
Suppose -14*q = -13*q - 20. Calculate the highest common factor of 20 and q.
20
Suppose -5*i + 100 = -5*f, -2*f = 3*i - 39 - 1. Calculate the highest common divisor of 40 and i.
8
Let j(p) = -2*p - 9. Let t be j(-6). Let g be (-24)/(-2)*t/2. What is the highest common divisor of g and 162?
18
Let j(i) = 3 + 4 - 6*i - 4 - i**2. Let f be j(-6). Let v(o) = 3*o + 1. Let a be v(f). What is the highest common factor of a and 10?
10
Suppose -2*a - 60 = -3*a. Suppose b = -4*b + a. Calculate the highest common divisor of 132 and b.
12
Let j = 15 - 15. Let k be 7*(198/21 - j). Calculate the highest common divisor of 6 and k.
6
Let i = 13 + -8. Let j(b) = -b**3 + 27. Let x be j(0). Suppose 2 = -5*y + x. What is the greatest common divisor of i and y?
5
Let s(r) = r**3 - 11*r**2 - 24*r - 12. Let o be s(13). Calculate the greatest common factor of o and 154.
14
Let m(a) = -17*a + 20. Let v be m(-4). What is the highest common divisor of 8 and v?
8
Let c be (-2 - -9) + (1 - 3). Calculate the greatest common divisor of 15 and c.
5
Let d be 18/14 + 12/(-42). Let r be (-1)/d - (-4 + -37). Calculate the greatest common divisor of 5 and r.
5
Suppose -25 = 5*s, s + 69 = -2*j + 6*j. What is the greatest common divisor of j and 8?
8
Let o(q) = 2*q - 2. Let w be o(4). Let i = w + 12. Suppose -j = -78 + i. Calculate the highest common factor of j and 40.
20
Suppose 6 = -10*k + 12*k. Suppose 3*o + a - 4*a - 36 = 0, k*a - 76 = -5*o. What is the highest common divisor of 112 and o?
14
Suppose 13*f - 4 = 11*f. Calculate the greatest common divisor of f and 4.
2
Let o be 12/(16/4) - 90/(-6). What is the greatest common divisor of o and 18?
18
Let d(v) = -2*v + 27. Let f be d(11). What is the greatest common divisor of f and 45?
5
Let g be (4/4)/(1/(-4)). Let m be 1/g - 130/(-8). Let c be (2/5)/(2/720). Calculate the greatest common divisor of c and m.
16
Suppose 2*r - 643 = -s, 6*s = -4*r + s + 1283. Suppose -647 = -3*k - 4*l, -3*k + r + 315 = 2*l. What is the highest common divisor of k and 19?
19
Let n(f) = 17*f + 1. Let q be n(1). Calculate the greatest common divisor of q and 27.
9
Let x(v) = v**2 + 1 + v**2 - 4*v**2 - 5*v + v**3. Let t be x(4). What is the greatest common divisor of 13 and t?
13
Suppose 5*k + 4*t = -17, 2*t - 2 = -k + 3*t. Let f = k - -1. Suppose -q + 6*q - 5 = f. What is the greatest common factor of 7 and q?
1
Let a be 2/7 + (-603)/(-21). Suppose 0*r - 12 = 3*r. Let i = a - r. Calculate the greatest common factor of i and 22.
11
Suppose -3*j + 28 = -j. Suppose 2*q - 217 = 3*b, 2*q - q + b - 96 = 0. Let u = -45 + q. What is the highest common divisor of u and j?
14
Suppose 4*r - 44 = -2*h, 5*h - 4*r - 74 = -5*r. Calculate the highest common factor of h and 98.
14
Suppose -3*j + 51 = -g, -4*j - g - 7 = -68. What